it of 25897284?
8
What is the units digit of 110100?
0
What is the ten thousands digit of 4800119?
0
What is the thousands digit of 284838?
4
What is the tens digit of 439125?
2
What is the units digit of 6789660?
0
What is the hundreds digit of 3982462?
4
What is the millions digit of 13860918?
3
What is the tens digit of 1703221?
2
What is the ten thousands digit of 351384?
5
What is the thousands digit of 387099?
7
What is the units digit of 7274541?
1
What is the units digit of 25246318?
8
What is the millions digit of 24546854?
4
What is the millions digit of 1751143?
1
What is the tens digit of 41865?
6
What is the tens digit of 1924262?
6
What is the hundreds digit of 11379678?
6
What is the units digit of 12211360?
0
What is the hundred thousands digit of 437408?
4
What is the ten thousands digit of 32029957?
2
What is the tens digit of 1037475?
7
What is the tens digit of 33624?
2
What is the hundred thousands digit of 533311?
5
What is the hundreds digit of 113034?
0
What is the hundred thousands digit of 2728610?
7
What is the units digit of 195731?
1
What is the thousands digit of 446275?
6
What is the thousands digit of 229157?
9
What is the units digit of 1006956?
6
What is the hundreds digit of 21718737?
7
What is the hundreds digit of 34149926?
9
What is the thousands digit of 4187370?
7
What is the hundreds digit of 408230?
2
What is the tens digit of 49083?
8
What is the tens digit of 340623?
2
What is the units digit of 2933677?
7
What is the units digit of 4514877?
7
What is the hundred thousands digit of 436231?
4
What is the tens digit of 10866046?
4
What is the millions digit of 1554308?
1
What is the units digit of 2396912?
2
What is the units digit of 2749365?
5
What is the thousands digit of 18367430?
7
What is the thousands digit of 456095?
6
What is the units digit of 409470?
0
What is the units digit of 6924323?
3
What is the units digit of 475785?
5
What is the tens digit of 12419?
1
What is the tens digit of 22200817?
1
What is the units digit of 3085030?
0
What is the hundreds digit of 1783511?
5
What is the hundred thousands digit of 165389?
1
What is the millions digit of 1646491?
1
What is the ten thousands digit of 1244330?
4
What is the tens digit of 461806?
0
What is the tens digit of 623212?
1
What is the units digit of 90713?
3
What is the thousands digit of 693794?
3
What is the units digit of 2497581?
1
What is the hundreds digit of 317258?
2
What is the thousands digit of 637743?
7
What is the hundred thousands digit of 1987868?
9
What is the units digit of 101728?
8
What is the ten thousands digit of 807116?
0
What is the ten thousands digit of 248954?
4
What is the millions digit of 1168525?
1
What is the tens digit of 876231?
3
What is the ten thousands digit of 639477?
3
What is the units digit of 171636?
6
What is the ten thousands digit of 1315390?
1
What is the thousands digit of 2213171?
3
What is the ten thousands digit of 13462742?
6
What is the thousands digit of 226601?
6
What is the hundred thousands digit of 235923?
2
What is the millions digit of 4883944?
4
What is the thousands digit of 441391?
1
What is the hundred thousands digit of 1330880?
3
What is the tens digit of 364725?
2
What is the hundred thousands digit of 295149?
2
What is the tens digit of 507144?
4
What is the units digit of 99176?
6
What is the hundreds digit of 261024?
0
What is the hundred thousands digit of 160147?
1
What is the thousands digit of 213854?
3
What is the ten thousands digit of 13530079?
3
What is the hundred thousands digit of 500273?
5
What is the ten thousands digit of 3745657?
4
What is the hundred thousands digit of 188101?
1
What is the hundred thousands digit of 9685288?
6
What is the thousands digit of 1785739?
5
What is the millions digit of 3377709?
3
What is the ten thousands digit of 76182?
7
What is the ten thousands digit of 19456762?
5
What is the hundred thousands digit of 1073708?
0
What is the units digit of 3539927?
7
What is the ten millions digit of 20740561?
2
What is the hundred thousands digit of 419745?
4
What is the hundred thousands digit of 496643?
4
What is the tens digit of 225994?
9
What is the ten thousands digit of 177399?
7
What is the thousands digit of 207583?
7
What is the units digit of 5392827?
7
What is the hundred thousands digit of 2126357?
1
What is the thousands digit of 137632?
7
What is the thousands digit of 6777227?
7
What is the hundreds digit of 90090?
0
What is the units digit of 445130?
0
What is the millions digit of 14291734?
4
What is the ten millions digit of 10361354?
1
What is the ten thousands digit of 789684?
8
What is the hundreds digit of 9658107?
1
What is the hundred thousands digit of 675396?
6
What is the thousands digit of 150337?
0
What is the thousands digit of 11909190?
9
What is the hundred thousands digit of 236835?
2
What is the tens digit of 9194053?
5
What is the units digit of 3816405?
5
What is the thousands digit of 17726833?
6
What is the hundred thousands digit of 1733234?
7
What is the tens digit of 449232?
3
What is the thousands digit of 45247?
5
What is the ten thousands digit of 474642?
7
What is the hundred thousands digit of 8568935?
5
What is the thousands digit of 3107505?
7
What is the millions digit of 11573115?
1
What is the hundred thousands digit of 3990616?
9
What is the units digit of 68135?
5
What is the thousands digit of 19937959?
7
What is the tens digit of 3008816?
1
What is the thousands digit of 2863843?
3
What is the hundreds digit of 8180658?
6
What is the ten thousands digit of 12495553?
9
What is the ten thousands digit of 187563?
8
What is the tens digit of 12315489?
8
What is the tens digit of 63532?
3
What is the tens digit of 680712?
1
What is the hundreds digit of 122813?
8
What is the ten thousands digit of 92060?
9
What is the hundreds digit of 4369711?
7
What is the tens digit of 326744?
4
What is the millions digit of 4535017?
4
What is the tens digit of 1621027?
2
What is the ten millions digit of 20027411?
2
What is the thousands digit of 391944?
1
What is the hundred thousands digit of 340927?
3
What is the hundred thousands digit of 989573?
9
What is the tens digit of 1108372?
7
What is the ten thousands digit of 419317?
1
What is the thousands digit of 1061421?
1
What is the tens digit of 2245231?
3
What is the millions digit of 20716542?
0
What is the hundred thousands digit of 281136?
2
What is the ten thousands digit of 2336816?
3
What is the units digit of 726404?
4
What is the ten thousands digit of 19944389?
4
What is the tens digit of 11800489?
8
What is the hundreds digit of 3560433?
4
What is the ten thousands digit of 19946?
1
What is the hundreds digit of 6757172?
1
What is the millions digit of 3572543?
3
What is the hundreds digit of 3178113?
1
What is the hundred thousands digit of 238603?
2
What is the units digit of 752?
2
What is the thousands digit of 150499?
0
What is the units digit of 13566461?
1
What is the units digit of 1166605?
5
What is the hundreds digit of 299806?
8
What is the thousands digit of 2218433?
8
What is the ten thousands digit of 1858006?
5
What is the ten thousands digit of 106370?
0
What is the millions digit of 26722755?
6
What is the units digit of 3391070?
0
What is the hundred thousands digit of 2123080?
1
What is the thousands digit of 1064928?
4
What is the thousands digit of 5217159?
7
What is the ten thousands digit of 2300930?
0
What is the hundred thousands digit of 4502372?
5
What is the hundreds digit of 1676880?
8
What is the ten thousands digit of 9236949?
3
What is the units digit of 1814183?
3
What is the hundred thousands digit of 789557?
7
What is the ten thousands digit of 1090839?
9
What is the hundreds digit of 4737109?
1
What is the hundreds digit of 267084?
0
What is the millions digit of 4542183?
4
What is the tens digit of 89875?
7
What is the tens digit of 5523999?
9
What is the ten thousands digit of 1675941?
7
What is the thousands digit of 4811177?
1
What is the ten thousands digit of 1960031?
6
What is the units digit of 25883381?
1
What is the hundreds digit of 32284237?
2
What is the units digit of 422147?
7
What is the hundred thousands digit of 893390?
8
What is the hundreds digit of 1125056?
0
What is t